 - 3/((-143541)/(-47848)))?
8
Let i be (-4872)/42 + (-2)/(-1). Let w = 284 - i. What is the hundreds digit of w?
3
Suppose i = 0, 6*g - 1516 = 5*g - 3*i. What is the hundreds digit of g?
5
Let n be -2*(672/(-35))/(3/15). Let k = n - 100. What is the tens digit of k?
9
Suppose 0 = -13*u - 5*u + 864. Suppose 45*j = u*j - 108. What is the tens digit of j?
3
Let z = -6449 - -9167. What is the tens digit of z?
1
Let m = -14158 + 40292. What is the tens digit of m?
3
What is the units digit of 8/(-12) + (-266806)/(-24) + 74/(-296)?
6
Let z(i) = -i**3 - 64*i**2 - 153*i - 349. What is the tens digit of z(-63)?
2
Suppose 2 = -3*w + w. Let x be (w - 1)*30/(-4). What is the hundreds digit of ((-72)/3)/(-1 + 12/x)?
1
Let s = 299 + 25. Let x be ((-2)/3)/(6/s). Let m = 90 + x. What is the units digit of m?
4
Suppose f + 5*v = -12, 4*f + 7*v = 4*v - 65. Let r = 8 + f. What is the units digit of (r/(-6))/(-1)*-18?
7
Let y = -8967 - -10124. What is the thousands digit of y?
1
Suppose 24*y - 710889 = -27*y. What is the tens digit of y?
3
Let x = -423 - -709. Let b = 441 - x. What is the tens digit of b?
5
Let p = -67 + 71. Suppose 3*h - 1519 = i, 9*i + 2029 = p*h + 4*i. What is the tens digit of h?
0
Suppose -4*l + 281 = 269. Suppose -4*r = -4*t - 6512, -l*r + 2478 + 2414 = 5*t. What is the hundreds digit of r?
6
Suppose -5*p - 31*l + 30*l = -52197, 4 = 2*l. What is the units digit of p?
9
Let k(q) = 2*q**3 - 32*q**2 + 6*q - 22. Suppose -4*s - 23 = -91. What is the units digit of k(s)?
8
Let y = 20809 - -5437. What is the thousands digit of y?
6
Let d = -92 - -142. Suppose -4*b - 6*b - d = 0. What is the units digit of (-122 - 2)*b/20?
1
Suppose 2*n - 1129 = -y, -n - n - 5633 = -5*y. Suppose 5*h = -232 + y. Suppose 0 = z + 4*j - 84, 3*j + h = 2*z - 0*j. What is the units digit of z?
8
Let k = -59401 + 121053. What is the thousands digit of k?
1
Suppose 5*g = 2*x - 533, 4*x + 2*g - 1030 = -0*x. Let u = 36 + x. What is the units digit of u?
5
Let x(h) = 50*h**3 - 2*h**2 + 2*h - 1. Let f(j) = -j + 6. Let o be f(5). Let b be 4*o + (-21)/7. What is the units digit of x(b)?
9
Let y(c) = 19*c - 49. Let v(h) = -3 - 5 + 3 + 6 + h. Let m(t) = 4*v(t) - y(t). What is the tens digit of m(-8)?
7
Suppose 0 = -3*x + 4*c - 8*c + 715, 5*x - 1181 = 4*c. Let n = 86 + x. What is the units digit of n?
3
Let y(z) = 1811*z + 4490. What is the units digit of y(4)?
4
What is the tens digit of (-1 + 322)/(3/30 + (-567)/7020)?
9
Let l = 18715 - 10298. What is the hundreds digit of l?
4
Let v = -59 + 80. Suppose -v*a + 5390 = 245. What is the tens digit of a?
4
Let p = 136 + -114. Suppose -p*f = -32*f. What is the hundreds digit of f/(-2 - 0) + -1 + 147?
1
Let h = -138 + 78. Let f be h/(-18)*3/2. Suppose 0 = -f*u - 0*u + 100. What is the tens digit of u?
2
Let b(f) = 4*f**2 - 10*f + 12. Let y(o) = 7*o**2 - 19*o + 23. Let k(u) = -5*b(u) + 3*y(u). Let d be k(6). Suppose -2*v - 26 = -d*v. What is the tens digit of v?
2
Suppose 7*j = -3*y + 50707, -1 = 10*j - 11*j. What is the ten thousands digit of y?
1
Let a = -2930 + 6057. Suppose 0 = -20*v + a + 4553. What is the hundreds digit of v?
3
Suppose 7*r - 37729 = 2*r + 176896. What is the thousands digit of r?
2
Let a be 2 + (1*619)/(-9 + 10). Suppose 45 + a = 9*u. What is the units digit of u?
4
Suppose -f - 13 = -14. Let a = f + 3. Suppose 110 = y - a*h - 2, -4*y = 4*h - 488. What is the hundreds digit of y?
1
Let l(p) = -6*p + 2. Let w be l(2). Let r be ((-1)/(-1))/((w/6)/(-5)). Suppose r*j - 86 - 16 = 0. What is the units digit of j?
4
Suppose 4*r + 8250 = z + 5*r, -5*z - 4*r + 41251 = 0. What is the hundreds digit of z?
2
Let b(d) = -4*d**3 + d**2 + 15*d + 14. Let l be b(-1). Suppose -4*o = -3*s - 1785, 0 = 2*o - s - l*s - 903. What is the hundreds digit of o?
4
Suppose 0 = 1401*n - 1402*n + 2729. What is the units digit of n?
9
Let v be 9/(-15)*-5 + 717. Suppose -2*j = 4*y - v, 0*y - 5*y + j = -900. What is the units digit of y?
0
Let o(m) = m**3 - 7*m**2 - 10*m + 20. Let a be o(8). Suppose -4*i = -7 - 13, -a*f + 1645 = 5*i. What is the hundreds digit of f?
4
Suppose -57*y + 299507 + 78068 = 107395. What is the tens digit of y?
4
Suppose -1225*d + 17790 = -1206*d - 211882. What is the tens digit of d?
8
Let p(o) = -o**3 - 11*o**2 - 33*o - 132. Let g be p(-9). What is the units digit of (-4 - (-6 + g)) + 1*1185?
4
Let d = -323 - -331. What is the tens digit of d/2*(184 - (1 - -5))?
1
Let n(a) = -a**3 - 18*a**2 + 7*a + 34. Suppose 0 = 16*x - 23*x - 147. What is the hundreds digit of n(x)?
2
Let l be 1 + ((-8)/(-6) - 20/(-12)). Suppose 2*j - f - 518 = -l*f, 2*j = -4*f + 520. What is the units digit of j?
6
Let h = 1533 + -1321. Suppose -2*z + 592 = -28. Let b = z - h. What is the units digit of b?
8
Let j(m) = -488*m**3 + 6*m - 14. Let u(t) = -70*t**3 + t - 2. Let y(n) = 3*j(n) - 20*u(n). Let i = -3 - -2. What is the tens digit of y(i)?
6
Suppose 481*j = 466*j + 98925. What is the units digit of j?
5
Let y = -2290 - -1631. Let b = y + 1073. What is the tens digit of b?
1
Suppose 2*s + 331*n - 328*n = 10926, 2*n - 10926 = -2*s. What is the thousands digit of s?
5
Let b(z) be the third derivative of 19*z**2 - 2/3*z**3 + 1/60*z**5 + 0 + 1/12*z**4 + 0*z. What is the units digit of b(2)?
4
Suppose 6*y + 24107 = c + 5*y, -8*y = 2*c - 48294. What is the units digit of c?
5
Suppose -32*v + 868541 = -256949 - 554318. What is the hundreds digit of v?
4
Let o(k) = -2 + 9*k**2 + 5*k - 11*k**3 - 10*k**3 + 20*k**3 + 5*k. Let d be o(10). What is the units digit of (-82)/(-4) - (-2 + (-5)/d)?
0
Let c = -107 + 126. Suppose 2*n + 3*i = -c, -n + 4*i - 13 = 4*n. Let k(y) = y**2 + y - 4. What is the tens digit of k(n)?
1
Let h(t) = t**3 + 2*t**2 - 11*t - 7. Let r(g) = g + 1. Let z(v) = -h(v) - 6*r(v). Let d be z(-4). Suppose 6*c - d*c + 175 = 0. What is the tens digit of c?
2
Let l be (-1)/(3 + 96/(-30)). What is the units digit of 6*55/l - 2?
4
Suppose 3*z - d = 113, 5*z - 121 = 2*z - d. Suppose a + u = 13, u = 3*a + 6*u - z. Suppose 0 = -a*s + 15*s - 28. What is the units digit of s?
4
Let m(l) = -21*l**3 - 9*l**2 + 30*l - 72. What is the tens digit of m(-13)?
5
Suppose 3*k - 2*x - 6625 = 0, -5*x + 245 + 4159 = 2*k. What is the hundreds digit of k?
2
Let k(d) = 13*d**2 - d - 4. Suppose 2*n - 3 = w + 24, 4*w - 57 = -3*n. Let i = n - 18. What is the units digit of k(i)?
6
Suppose 15 = -5*m, -u - 12 = 2*u + 2*m. Let y be 0/(0 + u)*12/36. Suppose 4*t = p - 43, y = -2*p - t + 38 + 3. What is the units digit of p?
3
Let j be -3*(-1)/3*-119*-3. Let p = j + 234. What is the hundreds digit of p?
5
Let l be (16 - 18)/(2/(-3)). Suppose -3*z = -7*z - 2*k - 64, 0 = -l*z + 5*k - 22. What is the units digit of (-10)/(-25) + 34/(-10) - z?
1
Let z = -6715 - -21661. What is the tens digit of z?
4
Suppose 0 = -u + 449 + 337. Suppose 4*z + 1042 = 2*p, 5*z - 3*p = 2*z - u. Let q = -97 - z. What is the hundreds digit of q?
1
Suppose 108 = -6*u + 120. What is the units digit of 1347*(-1 + u)/3?
9
Suppose 5*i = 2*u + 178, -5*u + 6*i - 491 = 5*i. Let a = u - -259. What is the hundreds digit of a?
1
Suppose 0 = 8*t - 11*t - 51. Let v(j) = 4*j**2 + 52*j + 3. What is the hundreds digit of v(t)?
2
Suppose -2*n = 3*n + 5*k + 40, -n = -2*k + 5. Let c be (4 + n - -1) + 49. Suppose 2*i - 107 = -3*r, c = r - i - 4*i. What is the tens digit of r?
3
Suppose w = -5*x - 15, -488*w - 25 = -493*w. Let c(y) be the first derivative of y**4/4 + 10*y**3/3 + 5*y**2/2 - 5*y + 2. What is the units digit of c(x)?
1
Let s(z) = z**2 - 10*z - 20. Let p be s(12). Suppose -3*a + 203 = p*a. Suppose -2*v + 32 = 4*n, -5*n + 2*v + 11 = -a. What is the units digit of n?
8
Let w be (-4)/((8/5)/(-4)). Suppose -w*r + 24 = -4*r. What is the units digit of (6 - -6)*2/r?
6
Let v(l) = -4*l**2 - 368*l + 212. What is the hundreds digit of v(-44)?
6
Let n = 15496 + -10385. What is the hundreds digit of n?
1
Let p = -56 + 60. Suppose 4*q = 3*b - 214, -p*b - q = -9*b + 334. Let m = 116 - b. What is the tens digit of m?
5
Let w = -29 + 32. Let u be (w/6 + -1)*1*-10. Suppose u*r - 11*r = -1386. What is the tens digit of r?
3
Let b(o) = 67*o + 22. Let p be b(5). Suppose 6*s - p = 5*s - 5*u, 4*s - 1494 = 2*u. What is the tens digit of s?
7
Let m(c) = 627*c + 2914. What is the tens digit of m(10)?
8
Let c(n) = -10*n**2 - 83*n - 1